pose -16*n + 6822 = 2550. List the prime factors of n.
3, 89
Let b(z) = -z - 11. Let m be b(-8). Let t = m + 6. List the prime factors of t.
3
What are the prime factors of ((-51)/(-12))/(3/12)?
17
List the prime factors of 4/(-1) - (0 + -112).
2, 3
Let w(m) = 2*m + 3. Suppose -3*r + q = 6, 4*q - 19 = -7. Let t = r + 4. What are the prime factors of w(t)?
3
Suppose 18*f = 20*f + 12. What are the prime factors of (-106)/f + 6/(-9)?
17
Suppose -2*x + 0*d = -4*d - 24, 4*x - 4*d = 32. Suppose b - 48 = -3*b. Suppose 3*m + 5 = 2*m, -b = 4*i + x*m. What are the prime factors of i?
2
Let r = 3 - -3. List the prime factors of r.
2, 3
Suppose 2*s + 0*s = 4. Let j = 12 + -1. Suppose -s*l = -l - j. List the prime factors of l.
11
Let h = -29 - -135. List the prime factors of h.
2, 53
List the prime factors of 1 + -2*(-14)/(-4)*-7.
2, 5
Let t(a) be the second derivative of -7*a**3/3 - a**2/2 + a. List the prime factors of t(-1).
13
Let f(z) = 21*z**2 + 7*z - 2. What are the prime factors of f(3)?
2, 13
Suppose -o + 81 - 13 = -2*s, 244 = 4*o - s. Suppose -v = 5*c - o, 1 - 25 = -4*c + 4*v. List the prime factors of c.
11
What are the prime factors of (1 + -3)/(8/(-368))?
2, 23
Let p(a) = a**3 + 8*a**2 + 4*a. Let t be p(-4). Suppose 3*n = -n + t. List the prime factors of n.
2, 3
Let a(g) = -8*g + 6. Let c be a(10). Let m = -52 - c. What are the prime factors of m?
2, 11
List the prime factors of 1/4 + 755/20.
2, 19
Let n(i) be the first derivative of -i**3/3 + 4*i**2 + i + 9. List the prime factors of n(7).
2
What are the prime factors of 1*(-3 + 108/3)?
3, 11
Suppose 5*z + y - 126 = 0, 2*z - 42 + 6 = -4*y. What are the prime factors of z?
2, 13
Suppose z - 6*z + 2*j + 903 = 0, -2*z + 2*j + 366 = 0. Let t = -120 + z. List the prime factors of t.
59
Let r = 3 - 1. What are the prime factors of (-1)/(r - (-57)/(-27))?
3
Let n(p) = 10*p - 2. Let r be n(-5). What are the prime factors of (2 - 1)/((-4)/r)?
13
Let g be (-3)/6 - 5/(-2). Let t be (-18 + g)/(2/(-5)). Suppose 4*d = 2*p + t, 3*p = -4*d - 18 + 78. List the prime factors of d.
2, 3
Let z = 7 - 5. Let d(a) = -8 - 4 + 0*a**z - a**2 - 10*a. List the prime factors of d(-8).
2
Let z = 0 + 2. Suppose -z*m - 2 = -28. What are the prime factors of m?
13
What are the prime factors of ((-125)/15)/((-2)/6)?
5
Let h(t) = 2*t - 5. Let s(k) = -k + 1. Let y(m) = -3*h(m) - 15*s(m). List the prime factors of y(2).
2, 3
Let c(y) = -2*y - 3*y + y**2 - 7 - 3*y - 3. Let a be c(8). Let q = -3 - a. What are the prime factors of q?
7
Suppose -9*c = -14*c + 145. List the prime factors of c.
29
Suppose 208 = 2*z + 2*m, 3*z - 256 - 46 = -m. List the prime factors of z.
3, 11
Suppose 8*x + x = 1125. List the prime factors of x.
5
Let y be (-329)/(-35) + 2/(-5). What are the prime factors of 14/(-63) + 326/y?
2, 3
Suppose 288 = -0*p + 4*p. Suppose -u - 21 = -2*t + 2*u, p = 5*t - u. Let k = 32 - t. List the prime factors of k.
17
Let z be 19 + 1/1*1. Let c be (-6)/(-21) - ((-76)/28)/1. Suppose c*b = -b + z. List the prime factors of b.
5
Let h = 21 - -20. What are the prime factors of h?
41
Let l = 4 + 5. Suppose 0 = -3*k + 5*r + l, 0*k + r + 5 = -k. List the prime factors of 2*5*k/(-2).
2, 5
Let s be 3/(-6)*0 + 18. Let p = s - 9. Suppose -5*m + p = -2*m. What are the prime factors of m?
3
List the prime factors of (2 + 0)*234/8*2.
3, 13
Suppose 2*c - 93 = 3. What are the prime factors of c?
2, 3
Let k(g) = g**3 + 24*g**2 - g + 18. List the prime factors of k(-24).
2, 3, 7
Suppose 4 = 2*o - 2. Suppose -4*z = -n + 14, -3*n - o*z = -7*z - 42. What are the prime factors of n?
2, 7
Let k be -1 - -2 - -1*2. Suppose -24 - 27 = -k*t. Let h = t + -7. List the prime factors of h.
2, 5
Let n(p) = p**3 + p. Let w be n(0). What are the prime factors of (w + -3)*(-14)/6?
7
Let g = -145 + 216. List the prime factors of g.
71
Suppose -u + 4*c = -98, -4*c = 2*u - 9*c - 208. What are the prime factors of u?
2, 3, 19
Let q = -5 - -18. List the prime factors of q.
13
Let y = 293 - 0. List the prime factors of y.
293
Suppose -g = -0*g - 1. Let l(x) = 5*x**2 - 1. Let k be l(-1). Let p = g + k. What are the prime factors of p?
5
Suppose -6*q = -q - 1010. What are the prime factors of q?
2, 101
Suppose -6*v + 4*v = 10, -5*t + 775 = v. Suppose t = 4*i - 4*k, 4*k = 2*i - 22 - 50. Suppose -y = p - 4*p, -4*y - 2*p + i = 0. What are the prime factors of y?
3
Suppose 2*p = -z + 4*p - 8, 0 = -2*z + 5*p - 21. Suppose z*s = 2*q + 55 - 23, -2*q = -s + 14. Suppose 0 = -6*j + 4*j + s. What are the prime factors of j?
3
Suppose 57 = 4*q - 19. Suppose 1 - q = -2*g. List the prime factors of g.
3
Let j = -4 - -3. Let h be 1/1*(0 - j). Suppose 5*b = -2*r + 19 + h, -2*b + 8 = -5*r. What are the prime factors of b?
2
Let x(h) = 4*h - 2. Let c be x(7). Suppose c = -0*j + 2*j. List the prime factors of j.
13
Suppose w + 0*w + 1532 = 5*x, -2*x - w + 617 = 0. What are the prime factors of x?
307
Suppose 5*b + 3*k - 13 = 0, 3*b - 3*k - 3 = -0*k. Let o(c) = 4*c**2 + 2*c**3 + b*c - c**3 - 2 + 1. What are the prime factors of o(-2)?
3
Let g = 621 - 323. List the prime factors of g.
2, 149
Let c(l) = -2*l - 5. Let w be c(-7). Let f = 3 + w. List the prime factors of f.
2, 3
Let g(l) = 32*l**2 + 7*l. List the prime factors of g(-3).
3, 89
Suppose 2*i - 28 = -u, 4*i = 3*u - u - 88. List the prime factors of u.
2, 3
Let q(x) be the third derivative of -13*x**4/24 + 4*x**2. List the prime factors of q(-1).
13
Let n(c) be the third derivative of -13*c**6/40 - c**3/6 - c**2. What are the prime factors of n(-1)?
2, 19
Let b(v) = v**2 - 5*v - 2. Let l(h) = -2*h**2 + 11*h + 4. Let m(g) = 7*b(g) + 3*l(g). What are the prime factors of m(-2)?
2, 3
Let u = -3 + 5. Let d(l) = -l**3 - l**2 + 28. Let h be d(0). Suppose -10 = u*z - h. What are the prime factors of z?
3
Suppose -n - 58 = -3*n. List the prime factors of n.
29
Suppose -21 + 74 = 5*q - 4*w, 0 = -5*q - 3*w + 74. Suppose m - 5 = 0, 3*m = d - 0*d + q. Suppose -d*j + 27 = j. List the prime factors of j.
3
List the prime factors of ((-4)/7)/(20/(-70)).
2
Suppose 5 + 61 = 3*d. Suppose -i + d = i. List the prime factors of i.
11
Let i be 4 + 0/(-1) - 29. Let p = 6 - i. What are the prime factors of p?
31
Let m(v) = 3*v**2 + 5*v + 6. What are the prime factors of m(-6)?
2, 3, 7
Let t = 12 + -7. Suppose 118 + t = 4*o + x, -4*o = 2*x - 118. What are the prime factors of o?
2
Suppose 9 = -4*t + 117. Suppose -3*n + 129 = 3*z, 2*n - 3*z - t = n. List the prime factors of n.
3, 13
Suppose -4*r + 67 - 335 = 0. Let g = r + 113. What are the prime factors of g?
2, 23
Suppose -6*j = -9*j + 114. What are the prime factors of j?
2, 19
Let a = -4 - -6. Let t be (a - 1) + (-4 - 4). Let s = t + 12. What are the prime factors of s?
5
Let d be (-4 - -3)*(-1 + -1). Let p(a) = -18*a + 7*a + 10*a + 6*a**3 + a**d. List the prime factors of p(1).
2, 3
Let d(k) = 2*k**3 - 3*k**2 + 3*k. Let f = -10 + 12. What are the prime factors of d(f)?
2, 5
Let v be (6 - 3) + 6 + -1. List the prime factors of 8/(-3)*(-42)/v.
2, 7
Let f = -13 - -38. Suppose 5*t = 4*d - 48, 5 - f = -5*t. Suppose 0 = -4*p + 5*a - d, 11 - 26 = -3*a. List the prime factors of p.
2
Suppose o = -0*o - 10. Let n be 108/o - (-1)/(-5). Let x = 17 + n. List the prime factors of x.
2, 3
Suppose 4*s - 2*w + 132 = 5*s, w = -s + 133. Suppose -s = -3*n + f - 2*f, 0 = 5*n + 5*f - 230. List the prime factors of n.
2, 11
Suppose -d = d - 18. Suppose 0 = 4*g - d - 31. What are the prime factors of g?
2, 5
Suppose 2*c + s - 137 = 366, 5*s = 5. List the prime factors of c.
251
Suppose -2*v - 3*v = -4*g - 3, -2*g + v = -3. Suppose -g*d + 12 = 3. List the prime factors of d.
3
Let s(a) = 26*a - 6. What are the prime factors of s(8)?
2, 101
Let a be (-3 + 4)/(1/(-50)). Let h = -31 - a. List the prime factors of h.
19
Let b = 0 + 3. Suppose 0 = -0*u + b*u - 132. What are the prime factors of u?
2, 11
Let q = 11 - -6. List the prime factors of q.
17
Let s(o) = -3*o**3 + 2*o**2 - 4*o + 3. Let n be s(2). Let d = n + 37. What are the prime factors of d?
2
Suppose 4*p + p = -50. Let d(a) = -a**3 - 9*a**2 + 7*a + 3. List the prime factors of d(p).
3, 11
Let f(h) = h**2 - 8*h + 13. Let c be f(10). Suppose -3*x + 3*p + c = 0, x - 41 = -5*p - 0*p. What are the prime factors of x?
2
Let c = -3 - 0. Let p(d) = d**3 - 12*d**2 + 